PNG  IHDR pHYs   OiCCPPhotoshop ICC profilexڝSgTS=BKKoR RB&*! J!QEEȠQ, !{kּ> H3Q5 B.@ $pd!s#~<<+"x M0B\t8K@zB@F&S`cbP-`'{[! eDh;VEX0fK9-0IWfH  0Q){`##xFW<+*x<$9E[-qWW.(I+6aa@.y24x6_-"bbϫp@t~,/;m%h^ uf@Wp~<5j>{-]cK'Xto(hw?G%fIq^D$.Tʳ?D*A, `6B$BB dr`)B(Ͱ*`/@4Qhp.U=pa( Aa!ڈbX#!H$ ɈQ"K5H1RT UH=r9\F;2G1Q= C7F dt1r=6Ыhڏ>C03l0.B8, c˱" VcϱwE 6wB aAHXLXNH $4 7 Q'"K&b21XH,#/{C7$C2'ITFnR#,4H#dk9, +ȅ3![ b@qS(RjJ4e2AURݨT5ZBRQ4u9̓IKhhitݕNWGw Ljg(gwLӋT071oUX**| J&*/Tު UUT^S}FU3S ԖUPSSg;goT?~YYLOCQ_ cx,!k u5&|v*=9C3J3WRf?qtN (~))4L1e\kXHQG6EYAJ'\'GgSSݧ M=:.kDwn^Loy}/TmG X $ <5qo</QC]@Caaᄑ.ȽJtq]zۯ6iܟ4)Y3sCQ? 0k߬~OCOg#/c/Wװwa>>r><72Y_7ȷOo_C#dz%gA[z|!?:eAAA!h쐭!ΑiP~aa~ 'W?pX15wCsDDDޛg1O9-J5*>.j<74?.fYXXIlK9.*6nl {/]py.,:@LN8A*%w% yg"/6шC\*NH*Mz쑼5y$3,幄'L Lݛ:v m2=:1qB!Mggfvˬen/kY- BTZ(*geWf͉9+̳ې7ᒶKW-X潬j9(xoʿܔĹdff-[n ڴ VE/(ۻCɾUUMfeI?m]Nmq#׹=TR+Gw- 6 U#pDy  :v{vg/jBFS[b[O>zG499?rCd&ˮ/~јѡ򗓿m|x31^VwwO| (hSЧc3- cHRMz%u0`:o_F@8N ' p @8N@8}' p '#@8N@8N pQ9p!i~}|6-ӪG` VP.@*j>[ K^<֐Z]@8N'KQ<Q(`s" 'hgpKB`R@Dqj '  'P$a ( `D$Na L?u80e J,K˷NI'0eݷ(NI'؀ 2ipIIKp`:O'`ʤxB8Ѥx Ѥx $ $P6 :vRNb 'p,>NB 'P]-->P T+*^h& p '‰a ‰ (ĵt#u33;Nt̵'ޯ; [3W ~]0KH1q@8]O2]3*̧7# *p>us p _6]/}-4|t'|Smx= DoʾM×M_8!)6lq':l7!|4} '\ne t!=hnLn (~Dn\+‰_4k)0e@OhZ`F `.m1} 'vp{F`ON7Srx 'D˸nV`><;yMx!IS钦OM)Ե٥x 'DSD6bS8!" ODz#R >S8!7ّxEh0m$MIPHi$IvS8IN$I p$O8I,sk&I)$IN$Hi$I^Ah.p$MIN$IR8I·N "IF9Ah0m$MIN$IR8IN$I 3jIU;kO$ɳN$+ q.x* tEXtComment

Viewing File: /usr/local/apache/domlogs/jdbkvann/qualitytradesfx.com.tslamaxholder.com-ssl_log

2605:59c0:ebf:c208:72d1:7d4c:d3f2:e208 - - [22/Apr/2026:12:47:50 +0000] "GET /storage/app/public/photos/gePqJ9avatar.png1744821732 HTTP/1.1" 404 412 "https://qualitytradesfx.com/dashboard" "Mozilla/5.0 (Linux; Android 10; K) AppleWebKit/537.36 (KHTML, like Gecko) Chrome/147.0.0.0 Mobile Safari/537.36"
2605:59c0:ebf:c208:72d1:7d4c:d3f2:e208 - - [22/Apr/2026:12:47:51 +0000] "GET /temp/img/logo_header+dark.png HTTP/1.1" 404 428 "https://qualitytradesfx.com/temp/home/dark_blue_adminux.css" "Mozilla/5.0 (Linux; Android 10; K) AppleWebKit/537.36 (KHTML, like Gecko) Chrome/147.0.0.0 Mobile Safari/537.36"
2605:59c0:ebf:c208:72d1:7d4c:d3f2:e208 - - [22/Apr/2026:12:48:11 +0000] "GET /dashboard/deposits HTTP/1.1" 200 9424 "https://qualitytradesfx.com/dashboard" "Mozilla/5.0 (Linux; Android 10; K) AppleWebKit/537.36 (KHTML, like Gecko) Chrome/147.0.0.0 Mobile Safari/537.36"
2605:59c0:ebf:c208:72d1:7d4c:d3f2:e208 - - [22/Apr/2026:12:48:12 +0000] "GET /dashboard/deposits HTTP/1.1" 200 9424 "https://qualitytradesfx.com/dashboard/deposits" "Mozilla/5.0 (Linux; Android 10; K) AppleWebKit/537.36 (KHTML, like Gecko) Chrome/147.0.0.0 Mobile Safari/537.36"
2605:59c0:ebf:c208:72d1:7d4c:d3f2:e208 - - [22/Apr/2026:12:48:12 +0000] "GET /dashboard/deposits HTTP/1.1" 200 9424 "https://qualitytradesfx.com/dashboard/deposits" "Mozilla/5.0 (Linux; Android 10; K) AppleWebKit/537.36 (KHTML, like Gecko) Chrome/147.0.0.0 Mobile Safari/537.36"
2605:59c0:ebf:c208:72d1:7d4c:d3f2:e208 - - [22/Apr/2026:12:48:52 +0000] "POST /dashboard/savedeposit HTTP/1.1" 302 175 "https://qualitytradesfx.com/dashboard/deposits" "Mozilla/5.0 (Linux; Android 10; K) AppleWebKit/537.36 (KHTML, like Gecko) Chrome/147.0.0.0 Mobile Safari/537.36"
2605:59c0:ebf:c208:72d1:7d4c:d3f2:e208 - - [22/Apr/2026:12:48:53 +0000] "GET /dashboard/deposits HTTP/1.1" 200 9806 "https://qualitytradesfx.com/dashboard/deposits" "Mozilla/5.0 (Linux; Android 10; K) AppleWebKit/537.36 (KHTML, like Gecko) Chrome/147.0.0.0 Mobile Safari/537.36"
2605:59c0:ebf:c208:72d1:7d4c:d3f2:e208 - - [22/Apr/2026:12:48:53 +0000] "GET /storage/app/public/photos/gePqJ9avatar.png1744821732 HTTP/1.1" 404 418 "https://qualitytradesfx.com/dashboard/deposits" "Mozilla/5.0 (Linux; Android 10; K) AppleWebKit/537.36 (KHTML, like Gecko) Chrome/147.0.0.0 Mobile Safari/537.36"
2605:59c0:ebf:c208:72d1:7d4c:d3f2:e208 - - [22/Apr/2026:12:51:33 +0000] "GET /storage/app/public/photos/gePqJ9avatar.png1744821732 HTTP/1.1" 404 418 "https://qualitytradesfx.com/dashboard/accounthistory" "Mozilla/5.0 (Linux; Android 10; K) AppleWebKit/537.36 (KHTML, like Gecko) Chrome/147.0.0.0 Mobile Safari/537.36"
2605:59c0:ebf:c208:72d1:7d4c:d3f2:e208 - - [22/Apr/2026:12:51:33 +0000] "GET /temp/img/logo_header+dark.png HTTP/1.1" 404 428 "https://qualitytradesfx.com/temp/home/dark_blue_adminux.css" "Mozilla/5.0 (Linux; Android 10; K) AppleWebKit/537.36 (KHTML, like Gecko) Chrome/147.0.0.0 Mobile Safari/537.36"
2605:59c0:ebf:c208:72d1:7d4c:d3f2:e208 - - [22/Apr/2026:12:51:38 +0000] "GET /dashboard/accounthistory HTTP/1.1" 200 10290 "https://qualitytradesfx.com/dashboard/accounthistory" "Mozilla/5.0 (Linux; Android 10; K) AppleWebKit/537.36 (KHTML, like Gecko) Chrome/147.0.0.0 Mobile Safari/537.36"
2605:59c0:ebf:c208:cc8:7e81:685:594e - - [22/Apr/2026:12:54:20 +0000] "GET /admin/dashboard/pdeposit/328 HTTP/1.1" 302 182 "https://qualitytradesfx.com/admin/dashboard/mdeposits" "Mozilla/5.0 (iPhone; CPU iPhone OS 18_7 like Mac OS X) AppleWebKit/605.1.15 (KHTML, like Gecko) Version/18.7.5 Mobile/15E148 Safari/604.1"
2605:59c0:ebf:c208:cc8:7e81:685:594e - - [22/Apr/2026:12:54:21 +0000] "GET /admin/dashboard/mdeposits HTTP/1.1" 200 5914 "https://qualitytradesfx.com/admin/dashboard/mdeposits" "Mozilla/5.0 (iPhone; CPU iPhone OS 18_7 like Mac OS X) AppleWebKit/605.1.15 (KHTML, like Gecko) Version/18.7.5 Mobile/15E148 Safari/604.1"
2605:59c0:ebf:c208:72d1:7d4c:d3f2:e208 - - [22/Apr/2026:12:47:49 +0000] "GET /dashboard HTTP/1.1" 200 13578 "https://qualitytradesfx.com/login" "Mozilla/5.0 (Linux; Android 10; K) AppleWebKit/537.36 (KHTML, like Gecko) Chrome/147.0.0.0 Mobile Safari/537.36"
2605:59c0:ebf:c208:72d1:7d4c:d3f2:e208 - - [22/Apr/2026:12:47:51 +0000] "GET /dashboard HTTP/1.1" 200 13578 "https://qualitytradesfx.com/dashboard" "Mozilla/5.0 (Linux; Android 10; K) AppleWebKit/537.36 (KHTML, like Gecko) Chrome/147.0.0.0 Mobile Safari/537.36"
2605:59c0:ebf:c208:72d1:7d4c:d3f2:e208 - - [22/Apr/2026:12:48:12 +0000] "GET /storage/app/public/photos/gePqJ9avatar.png1744821732 HTTP/1.1" 404 418 "https://qualitytradesfx.com/dashboard/deposits" "Mozilla/5.0 (Linux; Android 10; K) AppleWebKit/537.36 (KHTML, like Gecko) Chrome/147.0.0.0 Mobile Safari/537.36"
2605:59c0:ebf:c208:72d1:7d4c:d3f2:e208 - - [22/Apr/2026:12:48:54 +0000] "GET /dashboard/deposits HTTP/1.1" 200 9424 "https://qualitytradesfx.com/dashboard/deposits" "Mozilla/5.0 (Linux; Android 10; K) AppleWebKit/537.36 (KHTML, like Gecko) Chrome/147.0.0.0 Mobile Safari/537.36"
2605:59c0:ebf:c208:72d1:7d4c:d3f2:e208 - - [22/Apr/2026:12:48:54 +0000] "GET /dashboard/deposits HTTP/1.1" 200 9424 "https://qualitytradesfx.com/dashboard/deposits" "Mozilla/5.0 (Linux; Android 10; K) AppleWebKit/537.36 (KHTML, like Gecko) Chrome/147.0.0.0 Mobile Safari/537.36"
2605:59c0:ebf:c208:72d1:7d4c:d3f2:e208 - - [22/Apr/2026:12:51:33 +0000] "GET /dashboard/accounthistory HTTP/1.1" 200 10290 "https://qualitytradesfx.com/dashboard/accounthistory" "Mozilla/5.0 (Linux; Android 10; K) AppleWebKit/537.36 (KHTML, like Gecko) Chrome/147.0.0.0 Mobile Safari/537.36"
2605:59c0:ebf:c208:72d1:7d4c:d3f2:e208 - - [22/Apr/2026:12:51:38 +0000] "GET /dashboard/accounthistory HTTP/1.1" 200 10290 "https://qualitytradesfx.com/dashboard/deposits" "Mozilla/5.0 (Linux; Android 10; K) AppleWebKit/537.36 (KHTML, like Gecko) Chrome/147.0.0.0 Mobile Safari/537.36"
2605:59c0:ebf:c208:72d1:7d4c:d3f2:e208 - - [22/Apr/2026:12:51:39 +0000] "GET /dashboard/accounthistory HTTP/1.1" 200 10290 "https://qualitytradesfx.com/dashboard/accounthistory" "Mozilla/5.0 (Linux; Android 10; K) AppleWebKit/537.36 (KHTML, like Gecko) Chrome/147.0.0.0 Mobile Safari/537.36"
2605:59c0:ebf:c208:cc8:7e81:685:594e - - [22/Apr/2026:12:54:02 +0000] "GET /admin/dashboard/mdeposits HTTP/1.1" 200 5808 "https://qualitytradesfx.com/admin/dashboard" "Mozilla/5.0 (iPhone; CPU iPhone OS 18_7 like Mac OS X) AppleWebKit/605.1.15 (KHTML, like Gecko) Version/18.7.5 Mobile/15E148 Safari/604.1"
2605:59c0:ebf:c208:cc8:7e81:685:594e - - [22/Apr/2026:12:54:03 +0000] "GET /admin/dashboard/unpkg.com/metaapi.cloud-sdk/index.js HTTP/1.1" 404 421 "https://qualitytradesfx.com/admin/dashboard/mdeposits" "Mozilla/5.0 (iPhone; CPU iPhone OS 18_7 like Mac OS X) AppleWebKit/605.1.15 (KHTML, like Gecko) Version/18.7.5 Mobile/15E148 Safari/604.1"
2605:59c0:ebf:c208:72d1:7d4c:d3f2:e208 - - [22/Apr/2026:12:54:32 +0000] "GET /storage/app/public/photos/gePqJ9avatar.png1744821732 HTTP/1.1" 404 418 "https://qualitytradesfx.com/dashboard/accounthistory" "Mozilla/5.0 (Linux; Android 10; K) AppleWebKit/537.36 (KHTML, like Gecko) Chrome/147.0.0.0 Mobile Safari/537.36"
2605:59c0:ebf:c208:72d1:7d4c:d3f2:e208 - - [22/Apr/2026:12:54:35 +0000] "GET /dashboard/accounthistory HTTP/1.1" 200 10267 "https://qualitytradesfx.com/dashboard/accounthistory" "Mozilla/5.0 (Linux; Android 10; K) AppleWebKit/537.36 (KHTML, like Gecko) Chrome/147.0.0.0 Mobile Safari/537.36"
2605:59c0:ebf:c208:cc8:7e81:685:594e - - [22/Apr/2026:12:54:22 +0000] "GET /admin/dashboard/unpkg.com/metaapi.cloud-sdk/index.js HTTP/1.1" 404 421 "https://qualitytradesfx.com/admin/dashboard/mdeposits" "Mozilla/5.0 (iPhone; CPU iPhone OS 18_7 like Mac OS X) AppleWebKit/605.1.15 (KHTML, like Gecko) Version/18.7.5 Mobile/15E148 Safari/604.1"
2605:59c0:ebf:c208:72d1:7d4c:d3f2:e208 - - [22/Apr/2026:12:54:31 +0000] "GET /dashboard/accounthistory HTTP/1.1" 200 10267 "https://qualitytradesfx.com/dashboard/deposits" "Mozilla/5.0 (Linux; Android 10; K) AppleWebKit/537.36 (KHTML, like Gecko) Chrome/147.0.0.0 Mobile Safari/537.36"
2605:59c0:ebf:c208:72d1:7d4c:d3f2:e208 - - [22/Apr/2026:12:54:33 +0000] "GET /temp/img/logo_header+dark.png HTTP/1.1" 404 428 "https://qualitytradesfx.com/temp/home/dark_blue_adminux.css" "Mozilla/5.0 (Linux; Android 10; K) AppleWebKit/537.36 (KHTML, like Gecko) Chrome/147.0.0.0 Mobile Safari/537.36"
2605:59c0:ebf:c208:72d1:7d4c:d3f2:e208 - - [22/Apr/2026:12:47:51 +0000] "GET /dashboard HTTP/1.1" 200 13578 "https://qualitytradesfx.com/dashboard" "Mozilla/5.0 (Linux; Android 10; K) AppleWebKit/537.36 (KHTML, like Gecko) Chrome/147.0.0.0 Mobile Safari/537.36"
2605:59c0:ebf:c208:72d1:7d4c:d3f2:e208 - - [22/Apr/2026:12:51:32 +0000] "GET /dashboard/accounthistory HTTP/1.1" 200 10290 "https://qualitytradesfx.com/dashboard/deposits" "Mozilla/5.0 (Linux; Android 10; K) AppleWebKit/537.36 (KHTML, like Gecko) Chrome/147.0.0.0 Mobile Safari/537.36"
2605:59c0:ebf:c208:72d1:7d4c:d3f2:e208 - - [22/Apr/2026:12:51:33 +0000] "GET /dashboard/accounthistory HTTP/1.1" 200 10290 "https://qualitytradesfx.com/dashboard/accounthistory" "Mozilla/5.0 (Linux; Android 10; K) AppleWebKit/537.36 (KHTML, like Gecko) Chrome/147.0.0.0 Mobile Safari/537.36"
2605:59c0:ebf:c208:72d1:7d4c:d3f2:e208 - - [22/Apr/2026:12:51:38 +0000] "GET /storage/app/public/photos/gePqJ9avatar.png1744821732 HTTP/1.1" 404 418 "https://qualitytradesfx.com/dashboard/accounthistory" "Mozilla/5.0 (Linux; Android 10; K) AppleWebKit/537.36 (KHTML, like Gecko) Chrome/147.0.0.0 Mobile Safari/537.36"
2605:59c0:ebf:c208:cc8:7e81:685:594e - - [22/Apr/2026:12:53:53 +0000] "GET /admin/dashboard HTTP/1.1" 200 5943 "-" "Mozilla/5.0 (iPhone; CPU iPhone OS 18_7 like Mac OS X) AppleWebKit/605.1.15 (KHTML, like Gecko) Version/18.7.5 Mobile/15E148 Safari/604.1"
2605:59c0:ebf:c208:cc8:7e81:685:594e - - [22/Apr/2026:12:53:54 +0000] "GET /admin/unpkg.com/metaapi.cloud-sdk/index.js HTTP/1.1" 404 415 "https://qualitytradesfx.com/admin/dashboard" "Mozilla/5.0 (iPhone; CPU iPhone OS 18_7 like Mac OS X) AppleWebKit/605.1.15 (KHTML, like Gecko) Version/18.7.5 Mobile/15E148 Safari/604.1"
2605:59c0:ebf:c208:72d1:7d4c:d3f2:e208 - - [22/Apr/2026:12:54:32 +0000] "GET /storage/app/public/photos/gePqJ9avatar.png1744821732 HTTP/1.1" 404 418 "https://qualitytradesfx.com/dashboard/accounthistory" "Mozilla/5.0 (Linux; Android 10; K) AppleWebKit/537.36 (KHTML, like Gecko) Chrome/147.0.0.0 Mobile Safari/537.36"
2605:59c0:ebf:c208:72d1:7d4c:d3f2:e208 - - [22/Apr/2026:12:54:32 +0000] "GET /dashboard/accounthistory HTTP/1.1" 200 10267 "https://qualitytradesfx.com/dashboard/accounthistory" "Mozilla/5.0 (Linux; Android 10; K) AppleWebKit/537.36 (KHTML, like Gecko) Chrome/147.0.0.0 Mobile Safari/537.36"
2605:59c0:ebf:c208:72d1:7d4c:d3f2:e208 - - [22/Apr/2026:12:54:33 +0000] "GET /dashboard/accounthistory HTTP/1.1" 200 10267 "https://qualitytradesfx.com/dashboard/accounthistory" "Mozilla/5.0 (Linux; Android 10; K) AppleWebKit/537.36 (KHTML, like Gecko) Chrome/147.0.0.0 Mobile Safari/537.36"
2605:59c0:ebf:c208:72d1:7d4c:d3f2:e208 - - [22/Apr/2026:12:54:33 +0000] "GET /dashboard/accounthistory HTTP/1.1" 200 10267 "https://qualitytradesfx.com/dashboard/accounthistory" "Mozilla/5.0 (Linux; Android 10; K) AppleWebKit/537.36 (KHTML, like Gecko) Chrome/147.0.0.0 Mobile Safari/537.36"
2605:59c0:ebf:c208:cc8:7e81:685:594e - - [22/Apr/2026:13:03:59 +0000] "GET /admin/dashboard HTTP/1.1" 200 5939 "-" "Mozilla/5.0 (iPhone; CPU iPhone OS 18_7 like Mac OS X) AppleWebKit/605.1.15 (KHTML, like Gecko) Version/18.7.5 Mobile/15E148 Safari/604.1"
2605:59c0:ebf:c208:cc8:7e81:685:594e - - [22/Apr/2026:13:04:20 +0000] "POST /livewire/message/admin.manage-users HTTP/1.1" 200 4667 "https://qualitytradesfx.com/admin/dashboard/manageusers" "Mozilla/5.0 (iPhone; CPU iPhone OS 18_7 like Mac OS X) AppleWebKit/605.1.15 (KHTML, like Gecko) Version/18.7.5 Mobile/15E148 Safari/604.1"
2605:59c0:ebf:c208:cc8:7e81:685:594e - - [22/Apr/2026:13:04:27 +0000] "GET /admin/dashboard/user-details/212 HTTP/1.1" 200 8046 "https://qualitytradesfx.com/admin/dashboard/manageusers" "Mozilla/5.0 (iPhone; CPU iPhone OS 18_7 like Mac OS X) AppleWebKit/605.1.15 (KHTML, like Gecko) Version/18.7.5 Mobile/15E148 Safari/604.1"
2605:59c0:ebf:c208:cc8:7e81:685:594e - - [22/Apr/2026:13:08:32 +0000] "GET /admin/dashboard/clearacct/212 HTTP/1.1" 302 188 "https://qualitytradesfx.com/admin/dashboard/user-details/212" "Mozilla/5.0 (iPhone; CPU iPhone OS 18_7 like Mac OS X) AppleWebKit/605.1.15 (KHTML, like Gecko) Version/18.7.5 Mobile/15E148 Safari/604.1"
2605:59c0:ebf:c208:cc8:7e81:685:594e - - [22/Apr/2026:13:08:33 +0000] "GET /admin/dashboard/user-details/212 HTTP/1.1" 200 8135 "https://qualitytradesfx.com/admin/dashboard/user-details/212" "Mozilla/5.0 (iPhone; CPU iPhone OS 18_7 like Mac OS X) AppleWebKit/605.1.15 (KHTML, like Gecko) Version/18.7.5 Mobile/15E148 Safari/604.1"
2605:59c0:ebf:c208:cc8:7e81:685:594e - - [22/Apr/2026:13:08:56 +0000] "POST /admin/dashboard/edituser HTTP/1.1" 302 188 "https://qualitytradesfx.com/admin/dashboard/user-details/212" "Mozilla/5.0 (iPhone; CPU iPhone OS 18_7 like Mac OS X) AppleWebKit/605.1.15 (KHTML, like Gecko) Version/18.7.5 Mobile/15E148 Safari/604.1"
2605:59c0:ebf:c208:72d1:7d4c:d3f2:e208 - - [22/Apr/2026:13:09:19 +0000] "GET /storage/app/public/photos/gePqJ9avatar.png1744821732 HTTP/1.1" 404 412 "https://qualitytradesfx.com/dashboard" "Mozilla/5.0 (Linux; Android 10; K) AppleWebKit/537.36 (KHTML, like Gecko) Chrome/147.0.0.0 Mobile Safari/537.36"
2605:59c0:ebf:c208:72d1:7d4c:d3f2:e208 - - [22/Apr/2026:13:09:20 +0000] "GET /dashboard HTTP/1.1" 200 13599 "https://qualitytradesfx.com/dashboard" "Mozilla/5.0 (Linux; Android 10; K) AppleWebKit/537.36 (KHTML, like Gecko) Chrome/147.0.0.0 Mobile Safari/537.36"
2605:59c0:ebf:c208:72d1:7d4c:d3f2:e208 - - [22/Apr/2026:13:09:21 +0000] "GET /dashboard HTTP/1.1" 200 13599 "https://qualitytradesfx.com/dashboard" "Mozilla/5.0 (Linux; Android 10; K) AppleWebKit/537.36 (KHTML, like Gecko) Chrome/147.0.0.0 Mobile Safari/537.36"
2605:59c0:ebf:c208:72d1:7d4c:d3f2:e208 - - [22/Apr/2026:13:09:39 +0000] "GET /dashboard/deposits HTTP/1.1" 200 9424 "https://qualitytradesfx.com/dashboard" "Mozilla/5.0 (Linux; Android 10; K) AppleWebKit/537.36 (KHTML, like Gecko) Chrome/147.0.0.0 Mobile Safari/537.36"
2605:59c0:ebf:c208:72d1:7d4c:d3f2:e208 - - [22/Apr/2026:13:09:40 +0000] "GET /dashboard/deposits HTTP/1.1" 200 9424 "https://qualitytradesfx.com/dashboard/deposits" "Mozilla/5.0 (Linux; Android 10; K) AppleWebKit/537.36 (KHTML, like Gecko) Chrome/147.0.0.0 Mobile Safari/537.36"
2605:59c0:ebf:c208:72d1:7d4c:d3f2:e208 - - [22/Apr/2026:13:09:41 +0000] "GET /dashboard/deposits HTTP/1.1" 200 9424 "https://qualitytradesfx.com/dashboard/deposits" "Mozilla/5.0 (Linux; Android 10; K) AppleWebKit/537.36 (KHTML, like Gecko) Chrome/147.0.0.0 Mobile Safari/537.36"
2605:59c0:ebf:c208:72d1:7d4c:d3f2:e208 - - [22/Apr/2026:13:09:41 +0000] "GET /dashboard/deposits HTTP/1.1" 200 9424 "https://qualitytradesfx.com/dashboard/deposits" "Mozilla/5.0 (Linux; Android 10; K) AppleWebKit/537.36 (KHTML, like Gecko) Chrome/147.0.0.0 Mobile Safari/537.36"
2605:59c0:ebf:c208:cc8:7e81:685:594e - - [22/Apr/2026:13:08:34 +0000] "GET /admin/dashboard/user-details/unpkg.com/metaapi.cloud-sdk/index.js HTTP/1.1" 404 427 "https://qualitytradesfx.com/admin/dashboard/user-details/212" "Mozilla/5.0 (iPhone; CPU iPhone OS 18_7 like Mac OS X) AppleWebKit/605.1.15 (KHTML, like Gecko) Version/18.7.5 Mobile/15E148 Safari/604.1"
2605:59c0:ebf:c208:72d1:7d4c:d3f2:e208 - - [22/Apr/2026:13:09:20 +0000] "GET /temp/img/logo_header+dark.png HTTP/1.1" 404 428 "https://qualitytradesfx.com/temp/home/dark_blue_adminux.css" "Mozilla/5.0 (Linux; Android 10; K) AppleWebKit/537.36 (KHTML, like Gecko) Chrome/147.0.0.0 Mobile Safari/537.36"
2605:59c0:ebf:c208:72d1:7d4c:d3f2:e208 - - [22/Apr/2026:13:09:59 +0000] "POST /dashboard/savedeposit HTTP/1.1" 302 175 "https://qualitytradesfx.com/dashboard/deposits" "Mozilla/5.0 (Linux; Android 10; K) AppleWebKit/537.36 (KHTML, like Gecko) Chrome/147.0.0.0 Mobile Safari/537.36"
2605:59c0:ebf:c208:72d1:7d4c:d3f2:e208 - - [22/Apr/2026:13:10:01 +0000] "GET /dashboard/deposits HTTP/1.1" 200 9806 "https://qualitytradesfx.com/dashboard/deposits" "Mozilla/5.0 (Linux; Android 10; K) AppleWebKit/537.36 (KHTML, like Gecko) Chrome/147.0.0.0 Mobile Safari/537.36"
2605:59c0:ebf:c208:72d1:7d4c:d3f2:e208 - - [22/Apr/2026:13:10:02 +0000] "GET /dashboard/deposits HTTP/1.1" 200 9424 "https://qualitytradesfx.com/dashboard/deposits" "Mozilla/5.0 (Linux; Android 10; K) AppleWebKit/537.36 (KHTML, like Gecko) Chrome/147.0.0.0 Mobile Safari/537.36"
2605:59c0:ebf:c208:72d1:7d4c:d3f2:e208 - - [22/Apr/2026:13:10:02 +0000] "GET /dashboard/deposits HTTP/1.1" 200 9424 "https://qualitytradesfx.com/dashboard/deposits" "Mozilla/5.0 (Linux; Android 10; K) AppleWebKit/537.36 (KHTML, like Gecko) Chrome/147.0.0.0 Mobile Safari/537.36"
2605:59c0:ebf:c208:cc8:7e81:685:594e - - [22/Apr/2026:13:04:00 +0000] "GET /admin/unpkg.com/metaapi.cloud-sdk/index.js HTTP/1.1" 404 415 "https://qualitytradesfx.com/admin/dashboard" "Mozilla/5.0 (iPhone; CPU iPhone OS 18_7 like Mac OS X) AppleWebKit/605.1.15 (KHTML, like Gecko) Version/18.7.5 Mobile/15E148 Safari/604.1"
2605:59c0:ebf:c208:cc8:7e81:685:594e - - [22/Apr/2026:13:04:09 +0000] "GET /admin/dashboard/manageusers HTTP/1.1" 200 8270 "https://qualitytradesfx.com/admin/dashboard" "Mozilla/5.0 (iPhone; CPU iPhone OS 18_7 like Mac OS X) AppleWebKit/605.1.15 (KHTML, like Gecko) Version/18.7.5 Mobile/15E148 Safari/604.1"
2605:59c0:ebf:c208:cc8:7e81:685:594e - - [22/Apr/2026:13:04:10 +0000] "GET /admin/dashboard/unpkg.com/metaapi.cloud-sdk/index.js HTTP/1.1" 404 422 "https://qualitytradesfx.com/admin/dashboard/manageusers" "Mozilla/5.0 (iPhone; CPU iPhone OS 18_7 like Mac OS X) AppleWebKit/605.1.15 (KHTML, like Gecko) Version/18.7.5 Mobile/15E148 Safari/604.1"
2605:59c0:ebf:c208:cc8:7e81:685:594e - - [22/Apr/2026:13:04:28 +0000] "GET /admin/dashboard/user-details/unpkg.com/metaapi.cloud-sdk/index.js HTTP/1.1" 404 427 "https://qualitytradesfx.com/admin/dashboard/user-details/212" "Mozilla/5.0 (iPhone; CPU iPhone OS 18_7 like Mac OS X) AppleWebKit/605.1.15 (KHTML, like Gecko) Version/18.7.5 Mobile/15E148 Safari/604.1"
2605:59c0:ebf:c208:cc8:7e81:685:594e - - [22/Apr/2026:13:08:33 +0000] "GET /admin/dashboard/clearacct/212 HTTP/1.1" 302 188 "https://qualitytradesfx.com/admin/dashboard/user-details/212" "Mozilla/5.0 (iPhone; CPU iPhone OS 18_7 like Mac OS X) AppleWebKit/605.1.15 (KHTML, like Gecko) Version/18.7.5 Mobile/15E148 Safari/604.1"
2605:59c0:ebf:c208:cc8:7e81:685:594e - - [22/Apr/2026:13:08:56 +0000] "GET /admin/dashboard/user-details/212 HTTP/1.1" 200 8147 "https://qualitytradesfx.com/admin/dashboard/user-details/212" "Mozilla/5.0 (iPhone; CPU iPhone OS 18_7 like Mac OS X) AppleWebKit/605.1.15 (KHTML, like Gecko) Version/18.7.5 Mobile/15E148 Safari/604.1"
2605:59c0:ebf:c208:cc8:7e81:685:594e - - [22/Apr/2026:13:08:57 +0000] "GET /admin/dashboard/user-details/unpkg.com/metaapi.cloud-sdk/index.js HTTP/1.1" 404 427 "https://qualitytradesfx.com/admin/dashboard/user-details/212" "Mozilla/5.0 (iPhone; CPU iPhone OS 18_7 like Mac OS X) AppleWebKit/605.1.15 (KHTML, like Gecko) Version/18.7.5 Mobile/15E148 Safari/604.1"
2605:59c0:ebf:c208:72d1:7d4c:d3f2:e208 - - [22/Apr/2026:13:09:18 +0000] "GET /dashboard HTTP/1.1" 200 13599 "https://qualitytradesfx.com/dashboard/accounthistory" "Mozilla/5.0 (Linux; Android 10; K) AppleWebKit/537.36 (KHTML, like Gecko) Chrome/147.0.0.0 Mobile Safari/537.36"
2605:59c0:ebf:c208:72d1:7d4c:d3f2:e208 - - [22/Apr/2026:13:09:24 +0000] "GET /dashboard HTTP/1.1" 200 13599 "https://qualitytradesfx.com/dashboard" "Mozilla/5.0 (Linux; Android 10; K) AppleWebKit/537.36 (KHTML, like Gecko) Chrome/147.0.0.0 Mobile Safari/537.36"
2605:59c0:ebf:c208:72d1:7d4c:d3f2:e208 - - [22/Apr/2026:13:09:40 +0000] "GET /storage/app/public/photos/gePqJ9avatar.png1744821732 HTTP/1.1" 404 418 "https://qualitytradesfx.com/dashboard/deposits" "Mozilla/5.0 (Linux; Android 10; K) AppleWebKit/537.36 (KHTML, like Gecko) Chrome/147.0.0.0 Mobile Safari/537.36"
2605:59c0:ebf:c208:72d1:7d4c:d3f2:e208 - - [22/Apr/2026:13:09:40 +0000] "GET /temp/img/logo_header+dark.png HTTP/1.1" 404 428 "https://qualitytradesfx.com/temp/home/dark_blue_adminux.css" "Mozilla/5.0 (Linux; Android 10; K) AppleWebKit/537.36 (KHTML, like Gecko) Chrome/147.0.0.0 Mobile Safari/537.36"
2605:59c0:ebf:c208:72d1:7d4c:d3f2:e208 - - [22/Apr/2026:13:10:01 +0000] "GET /storage/app/public/photos/gePqJ9avatar.png1744821732 HTTP/1.1" 404 418 "https://qualitytradesfx.com/dashboard/deposits" "Mozilla/5.0 (Linux; Android 10; K) AppleWebKit/537.36 (KHTML, like Gecko) Chrome/147.0.0.0 Mobile Safari/537.36"
2605:59c0:ebf:c208:72d1:7d4c:d3f2:e208 - - [22/Apr/2026:13:09:42 +0000] "GET /dashboard/deposits HTTP/1.1" 200 9424 "https://qualitytradesfx.com/dashboard/deposits" "Mozilla/5.0 (Linux; Android 10; K) AppleWebKit/537.36 (KHTML, like Gecko) Chrome/147.0.0.0 Mobile Safari/537.36"
2605:59c0:ebf:c208:72d1:7d4c:d3f2:e208 - - [22/Apr/2026:13:10:02 +0000] "GET /temp/img/logo_header+dark.png HTTP/1.1" 404 428 "https://qualitytradesfx.com/temp/home/dark_blue_adminux.css" "Mozilla/5.0 (Linux; Android 10; K) AppleWebKit/537.36 (KHTML, like Gecko) Chrome/147.0.0.0 Mobile Safari/537.36"
2605:59c0:ebf:c208:cc8:7e81:685:594e - - [22/Apr/2026:13:14:02 +0000] "GET /admin/dashboard/pdeposit/329 HTTP/1.1" 302 182 "https://qualitytradesfx.com/admin/dashboard/mdeposits" "Mozilla/5.0 (iPhone; CPU iPhone OS 18_7 like Mac OS X) AppleWebKit/605.1.15 (KHTML, like Gecko) Version/18.7.5 Mobile/15E148 Safari/604.1"
2605:59c0:ebf:c208:cc8:7e81:685:594e - - [22/Apr/2026:13:14:05 +0000] "GET /admin/dashboard/unpkg.com/metaapi.cloud-sdk/index.js HTTP/1.1" 404 421 "https://qualitytradesfx.com/admin/dashboard/mdeposits" "Mozilla/5.0 (iPhone; CPU iPhone OS 18_7 like Mac OS X) AppleWebKit/605.1.15 (KHTML, like Gecko) Version/18.7.5 Mobile/15E148 Safari/604.1"
2605:59c0:ebf:c208:72d1:7d4c:d3f2:e208 - - [22/Apr/2026:13:14:28 +0000] "GET /dashboard HTTP/1.1" 200 13601 "https://qualitytradesfx.com/dashboard/deposits" "Mozilla/5.0 (Linux; Android 10; K) AppleWebKit/537.36 (KHTML, like Gecko) Chrome/147.0.0.0 Mobile Safari/537.36"
2605:59c0:ebf:c208:72d1:7d4c:d3f2:e208 - - [22/Apr/2026:13:14:28 +0000] "GET /storage/app/public/photos/gePqJ9avatar.png1744821732 HTTP/1.1" 404 412 "https://qualitytradesfx.com/dashboard" "Mozilla/5.0 (Linux; Android 10; K) AppleWebKit/537.36 (KHTML, like Gecko) Chrome/147.0.0.0 Mobile Safari/537.36"
2605:59c0:ebf:c208:72d1:7d4c:d3f2:e208 - - [22/Apr/2026:13:14:29 +0000] "GET /storage/app/public/photos/gePqJ9avatar.png1744821732 HTTP/1.1" 404 412 "https://qualitytradesfx.com/dashboard" "Mozilla/5.0 (Linux; Android 10; K) AppleWebKit/537.36 (KHTML, like Gecko) Chrome/147.0.0.0 Mobile Safari/537.36"
2605:59c0:ebf:c208:72d1:7d4c:d3f2:e208 - - [22/Apr/2026:13:14:29 +0000] "GET /temp/img/logo_header+dark.png HTTP/1.1" 404 428 "https://qualitytradesfx.com/temp/home/dark_blue_adminux.css" "Mozilla/5.0 (Linux; Android 10; K) AppleWebKit/537.36 (KHTML, like Gecko) Chrome/147.0.0.0 Mobile Safari/537.36"
2605:59c0:ebf:c208:cc8:7e81:685:594e - - [22/Apr/2026:13:13:40 +0000] "GET /admin/dashboard/mdeposits HTTP/1.1" 200 5783 "https://qualitytradesfx.com/admin/dashboard/user-details/212" "Mozilla/5.0 (iPhone; CPU iPhone OS 18_7 like Mac OS X) AppleWebKit/605.1.15 (KHTML, like Gecko) Version/18.7.5 Mobile/15E148 Safari/604.1"
2605:59c0:ebf:c208:cc8:7e81:685:594e - - [22/Apr/2026:13:13:41 +0000] "GET /admin/dashboard/unpkg.com/metaapi.cloud-sdk/index.js HTTP/1.1" 404 421 "https://qualitytradesfx.com/admin/dashboard/mdeposits" "Mozilla/5.0 (iPhone; CPU iPhone OS 18_7 like Mac OS X) AppleWebKit/605.1.15 (KHTML, like Gecko) Version/18.7.5 Mobile/15E148 Safari/604.1"
2605:59c0:ebf:c208:cc8:7e81:685:594e - - [22/Apr/2026:13:14:04 +0000] "GET /admin/dashboard/mdeposits HTTP/1.1" 200 5890 "https://qualitytradesfx.com/admin/dashboard/mdeposits" "Mozilla/5.0 (iPhone; CPU iPhone OS 18_7 like Mac OS X) AppleWebKit/605.1.15 (KHTML, like Gecko) Version/18.7.5 Mobile/15E148 Safari/604.1"
2605:59c0:ebf:c208:72d1:7d4c:d3f2:e208 - - [22/Apr/2026:13:14:30 +0000] "GET /dashboard HTTP/1.1" 200 13601 "https://qualitytradesfx.com/dashboard" "Mozilla/5.0 (Linux; Android 10; K) AppleWebKit/537.36 (KHTML, like Gecko) Chrome/147.0.0.0 Mobile Safari/537.36"
2605:59c0:ebf:c208:72d1:7d4c:d3f2:e208 - - [22/Apr/2026:13:14:30 +0000] "GET /dashboard HTTP/1.1" 200 13601 "https://qualitytradesfx.com/dashboard" "Mozilla/5.0 (Linux; Android 10; K) AppleWebKit/537.36 (KHTML, like Gecko) Chrome/147.0.0.0 Mobile Safari/537.36"
2605:59c0:ebf:c208:72d1:7d4c:d3f2:e208 - - [22/Apr/2026:13:14:32 +0000] "GET /dashboard HTTP/1.1" 200 13601 "https://qualitytradesfx.com/dashboard" "Mozilla/5.0 (Linux; Android 10; K) AppleWebKit/537.36 (KHTML, like Gecko) Chrome/147.0.0.0 Mobile Safari/537.36"
164.92.101.132 - - [22/Apr/2026:13:16:45 +0000] "GET /favicon.ico HTTP/1.1" 200 0 "https://qualitytradesfx.com/" "Mozilla/5.0 (X11; Linux x86_64; rv:142.0) Gecko/20100101 Firefox/142.0"
2605:59c0:ebf:c208:c440:d7ef:56f1:2b2a - - [22/Apr/2026:13:28:55 +0000] "GET /dashboard HTTP/1.1" 200 13566 "https://qualitytradesfx.com/login" "Mozilla/5.0 (iPhone; CPU iPhone OS 18_7 like Mac OS X) AppleWebKit/605.1.15 (KHTML, like Gecko) Version/18.7.5 Mobile/15E148 Safari/604.1"
2605:59c0:ebf:c208:c440:d7ef:56f1:2b2a - - [22/Apr/2026:13:28:56 +0000] "GET /dashboard HTTP/1.1" 200 13566 "https://qualitytradesfx.com/dashboard" "Mozilla/5.0 (iPhone; CPU iPhone OS 18_7 like Mac OS X) AppleWebKit/605.1.15 (KHTML, like Gecko) Version/18.7.5 Mobile/15E148 Safari/604.1"
2605:59c0:ebf:c208:c440:d7ef:56f1:2b2a - - [22/Apr/2026:13:28:55 +0000] "GET /storage/app/public/photos/gePqJ9avatar.png1744821732 HTTP/1.1" 404 412 "https://qualitytradesfx.com/dashboard" "Mozilla/5.0 (iPhone; CPU iPhone OS 18_7 like Mac OS X) AppleWebKit/605.1.15 (KHTML, like Gecko) Version/18.7.5 Mobile/15E148 Safari/604.1"
2605:59c0:ebf:c208:c440:d7ef:56f1:2b2a - - [22/Apr/2026:13:28:55 +0000] "GET /dashboard HTTP/1.1" 200 13566 "https://qualitytradesfx.com/dashboard" "Mozilla/5.0 (iPhone; CPU iPhone OS 18_7 like Mac OS X) AppleWebKit/605.1.15 (KHTML, like Gecko) Version/18.7.5 Mobile/15E148 Safari/604.1"
2605:59c0:ebf:c208:c440:d7ef:56f1:2b2a - - [22/Apr/2026:13:28:56 +0000] "GET /temp/img/logo_header+dark.png HTTP/1.1" 404 412 "https://qualitytradesfx.com/dashboard" "Mozilla/5.0 (iPhone; CPU iPhone OS 18_7 like Mac OS X) AppleWebKit/605.1.15 (KHTML, like Gecko) Version/18.7.5 Mobile/15E148 Safari/604.1"
129.222.206.117 - - [22/Apr/2026:13:55:58 +0000] "GET /dashboard HTTP/1.1" 200 13566 "https://qualitytradesfx.com/dashboard" "Mozilla/5.0 (iPhone; CPU iPhone OS 18_7 like Mac OS X) AppleWebKit/605.1.15 (KHTML, like Gecko) Version/18.7.5 Mobile/15E148 Safari/604.1"
129.222.206.117 - - [22/Apr/2026:13:55:58 +0000] "GET /temp/img/logo_header+dark.png HTTP/1.1" 404 412 "https://qualitytradesfx.com/dashboard" "Mozilla/5.0 (iPhone; CPU iPhone OS 18_7 like Mac OS X) AppleWebKit/605.1.15 (KHTML, like Gecko) Version/18.7.5 Mobile/15E148 Safari/604.1"
129.222.206.117 - - [22/Apr/2026:13:55:59 +0000] "GET /dashboard HTTP/1.1" 200 13566 "https://qualitytradesfx.com/dashboard" "Mozilla/5.0 (iPhone; CPU iPhone OS 18_7 like Mac OS X) AppleWebKit/605.1.15 (KHTML, like Gecko) Version/18.7.5 Mobile/15E148 Safari/604.1"
129.222.206.117 - - [22/Apr/2026:13:56:20 +0000] "GET /dashboard/withdrawals HTTP/1.1" 200 10935 "https://qualitytradesfx.com/dashboard" "Mozilla/5.0 (iPhone; CPU iPhone OS 18_7 like Mac OS X) AppleWebKit/605.1.15 (KHTML, like Gecko) Version/18.7.5 Mobile/15E148 Safari/604.1"
129.222.206.117 - - [22/Apr/2026:13:56:21 +0000] "GET /storage/app/public/photos/gePqJ9avatar.png1744821732 HTTP/1.1" 404 420 "https://qualitytradesfx.com/dashboard/withdrawals" "Mozilla/5.0 (iPhone; CPU iPhone OS 18_7 like Mac OS X) AppleWebKit/605.1.15 (KHTML, like Gecko) Version/18.7.5 Mobile/15E148 Safari/604.1"
129.222.206.117 - - [22/Apr/2026:13:56:22 +0000] "GET /dashboard/withdrawals HTTP/1.1" 200 10935 "https://qualitytradesfx.com/dashboard/withdrawals" "Mozilla/5.0 (iPhone; CPU iPhone OS 18_7 like Mac OS X) AppleWebKit/605.1.15 (KHTML, like Gecko) Version/18.7.5 Mobile/15E148 Safari/604.1"
2605:59c0:ebf:c208:2001:30f2:3fdd:8b5a - - [22/Apr/2026:14:01:02 +0000] "POST /dashboard/completewithdrawal HTTP/1.1" 302 181 "https://qualitytradesfx.com/dashboard/withdrawals" "Mozilla/5.0 (iPhone; CPU iPhone OS 18_7 like Mac OS X) AppleWebKit/605.1.15 (KHTML, like Gecko) Version/18.7.5 Mobile/15E148 Safari/604.1"
2605:59c0:ebf:c208:2001:30f2:3fdd:8b5a - - [22/Apr/2026:14:01:03 +0000] "GET /dashboard/withdraw-funds HTTP/1.1" 200 9277 "https://qualitytradesfx.com/dashboard/completewithdrawal" "Mozilla/5.0 (iPhone; CPU iPhone OS 18_7 like Mac OS X) AppleWebKit/605.1.15 (KHTML, like Gecko) Version/18.7.5 Mobile/15E148 Safari/604.1"
2605:59c0:ebf:c208:2001:30f2:3fdd:8b5a - - [22/Apr/2026:14:01:04 +0000] "GET /storage/app/public/photos/gePqJ9avatar.png1744821732 HTTP/1.1" 404 422 "https://qualitytradesfx.com/dashboard/withdraw-funds" "Mozilla/5.0 (iPhone; CPU iPhone OS 18_7 like Mac OS X) AppleWebKit/605.1.15 (KHTML, like Gecko) Version/18.7.5 Mobile/15E148 Safari/604.1"
2605:59c0:ebf:c208:2001:30f2:3fdd:8b5a - - [22/Apr/2026:14:01:13 +0000] "GET /admin/unpkg.com/metaapi.cloud-sdk/index.js HTTP/1.1" 404 415 "https://qualitytradesfx.com/admin/dashboard" "Mozilla/5.0 (iPhone; CPU iPhone OS 18_7 like Mac OS X) AppleWebKit/605.1.15 (KHTML, like Gecko) Version/18.7.5 Mobile/15E148 Safari/604.1"
2605:59c0:ebf:c208:2001:30f2:3fdd:8b5a - - [22/Apr/2026:14:01:36 +0000] "GET /admin/dashboard/user-details/239 HTTP/1.1" 200 7999 "https://qualitytradesfx.com/admin/dashboard/manageusers" "Mozilla/5.0 (iPhone; CPU iPhone OS 18_7 like Mac OS X) AppleWebKit/605.1.15 (KHTML, like Gecko) Version/18.7.5 Mobile/15E148 Safari/604.1"
2605:59c0:ebf:c208:2001:30f2:3fdd:8b5a - - [22/Apr/2026:14:01:37 +0000] "GET /admin/dashboard/user-details/unpkg.com/metaapi.cloud-sdk/index.js HTTP/1.1" 404 428 "https://qualitytradesfx.com/admin/dashboard/user-details/239" "Mozilla/5.0 (iPhone; CPU iPhone OS 18_7 like Mac OS X) AppleWebKit/605.1.15 (KHTML, like Gecko) Version/18.7.5 Mobile/15E148 Safari/604.1"
2605:59c0:ebf:c208:2001:30f2:3fdd:8b5a - - [22/Apr/2026:14:02:35 +0000] "POST /dashboard/brokercode HTTP/1.1" 302 177 "https://qualitytradesfx.com/dashboard/withdraw-funds" "Mozilla/5.0 (iPhone; CPU iPhone OS 18_7 like Mac OS X) AppleWebKit/605.1.15 (KHTML, like Gecko) Version/18.7.5 Mobile/15E148 Safari/604.1"
129.222.206.117 - - [22/Apr/2026:13:55:57 +0000] "GET /dashboard HTTP/1.1" 200 13566 "-" "Mozilla/5.0 (iPhone; CPU iPhone OS 18_7 like Mac OS X) AppleWebKit/605.1.15 (KHTML, like Gecko) Version/18.7.5 Mobile/15E148 Safari/604.1"
129.222.206.117 - - [22/Apr/2026:13:55:59 +0000] "GET /dashboard HTTP/1.1" 200 13566 "https://qualitytradesfx.com/dashboard" "Mozilla/5.0 (iPhone; CPU iPhone OS 18_7 like Mac OS X) AppleWebKit/605.1.15 (KHTML, like Gecko) Version/18.7.5 Mobile/15E148 Safari/604.1"
129.222.206.117 - - [22/Apr/2026:13:56:21 +0000] "GET /dashboard/withdrawals HTTP/1.1" 200 10935 "https://qualitytradesfx.com/dashboard/withdrawals" "Mozilla/5.0 (iPhone; CPU iPhone OS 18_7 like Mac OS X) AppleWebKit/605.1.15 (KHTML, like Gecko) Version/18.7.5 Mobile/15E148 Safari/604.1"
2605:59c0:ebf:c208:2001:30f2:3fdd:8b5a - - [22/Apr/2026:14:01:04 +0000] "GET /dashboard/withdraw-funds HTTP/1.1" 200 9277 "https://qualitytradesfx.com/dashboard/withdraw-funds" "Mozilla/5.0 (iPhone; CPU iPhone OS 18_7 like Mac OS X) AppleWebKit/605.1.15 (KHTML, like Gecko) Version/18.7.5 Mobile/15E148 Safari/604.1"
2605:59c0:ebf:c208:2001:30f2:3fdd:8b5a - - [22/Apr/2026:14:01:04 +0000] "GET /temp/img/logo_header+dark.png HTTP/1.1" 404 422 "https://qualitytradesfx.com/dashboard/withdraw-funds" "Mozilla/5.0 (iPhone; CPU iPhone OS 18_7 like Mac OS X) AppleWebKit/605.1.15 (KHTML, like Gecko) Version/18.7.5 Mobile/15E148 Safari/604.1"
2605:59c0:ebf:c208:2001:30f2:3fdd:8b5a - - [22/Apr/2026:14:01:12 +0000] "GET /admin/dashboard HTTP/1.1" 200 5939 "-" "Mozilla/5.0 (iPhone; CPU iPhone OS 18_7 like Mac OS X) AppleWebKit/605.1.15 (KHTML, like Gecko) Version/18.7.5 Mobile/15E148 Safari/604.1"
2605:59c0:ebf:c208:2001:30f2:3fdd:8b5a - - [22/Apr/2026:14:01:22 +0000] "GET /admin/dashboard/manageusers HTTP/1.1" 200 8268 "https://qualitytradesfx.com/admin/dashboard" "Mozilla/5.0 (iPhone; CPU iPhone OS 18_7 like Mac OS X) AppleWebKit/605.1.15 (KHTML, like Gecko) Version/18.7.5 Mobile/15E148 Safari/604.1"
2605:59c0:ebf:c208:2001:30f2:3fdd:8b5a - - [22/Apr/2026:14:01:31 +0000] "POST /livewire/message/admin.manage-users HTTP/1.1" 200 4676 "https://qualitytradesfx.com/admin/dashboard/manageusers" "Mozilla/5.0 (iPhone; CPU iPhone OS 18_7 like Mac OS X) AppleWebKit/605.1.15 (KHTML, like Gecko) Version/18.7.5 Mobile/15E148 Safari/604.1"
2605:59c0:ebf:c208:2001:30f2:3fdd:8b5a - - [22/Apr/2026:14:02:02 +0000] "GET /dashboard/withdraw-funds HTTP/1.1" 200 9476 "https://qualitytradesfx.com/dashboard/withdraw-funds" "Mozilla/5.0 (iPhone; CPU iPhone OS 18_7 like Mac OS X) AppleWebKit/605.1.15 (KHTML, like Gecko) Version/18.7.5 Mobile/15E148 Safari/604.1"
2605:59c0:ebf:c208:2001:30f2:3fdd:8b5a - - [22/Apr/2026:14:02:03 +0000] "GET /storage/app/public/photos/gePqJ9avatar.png1744821732 HTTP/1.1" 404 422 "https://qualitytradesfx.com/dashboard/withdraw-funds" "Mozilla/5.0 (iPhone; CPU iPhone OS 18_7 like Mac OS X) AppleWebKit/605.1.15 (KHTML, like Gecko) Version/18.7.5 Mobile/15E148 Safari/604.1"
2605:59c0:ebf:c208:2001:30f2:3fdd:8b5a - - [22/Apr/2026:14:02:03 +0000] "GET /dashboard/withdraw-funds HTTP/1.1" 200 9116 "https://qualitytradesfx.com/dashboard/withdraw-funds" "Mozilla/5.0 (iPhone; CPU iPhone OS 18_7 like Mac OS X) AppleWebKit/605.1.15 (KHTML, like Gecko) Version/18.7.5 Mobile/15E148 Safari/604.1"
2605:59c0:ebf:c208:2001:30f2:3fdd:8b5a - - [22/Apr/2026:14:02:36 +0000] "GET /dashboard/withdrawals HTTP/1.1" 200 11328 "https://qualitytradesfx.com/dashboard/withdraw-funds" "Mozilla/5.0 (iPhone; CPU iPhone OS 18_7 like Mac OS X) AppleWebKit/605.1.15 (KHTML, like Gecko) Version/18.7.5 Mobile/15E148 Safari/604.1"
2605:59c0:ebf:c208:2001:30f2:3fdd:8b5a - - [22/Apr/2026:14:02:37 +0000] "GET /storage/app/public/photos/gePqJ9avatar.png1744821732 HTTP/1.1" 404 420 "https://qualitytradesfx.com/dashboard/withdrawals" "Mozilla/5.0 (iPhone; CPU iPhone OS 18_7 like Mac OS X) AppleWebKit/605.1.15 (KHTML, like Gecko) Version/18.7.5 Mobile/15E148 Safari/604.1"
129.222.206.117 - - [22/Apr/2026:13:55:58 +0000] "GET /storage/app/public/photos/gePqJ9avatar.png1744821732 HTTP/1.1" 404 412 "https://qualitytradesfx.com/dashboard" "Mozilla/5.0 (iPhone; CPU iPhone OS 18_7 like Mac OS X) AppleWebKit/605.1.15 (KHTML, like Gecko) Version/18.7.5 Mobile/15E148 Safari/604.1"
129.222.206.117 - - [22/Apr/2026:13:56:21 +0000] "GET /temp/img/logo_header+dark.png HTTP/1.1" 404 420 "https://qualitytradesfx.com/dashboard/withdrawals" "Mozilla/5.0 (iPhone; CPU iPhone OS 18_7 like Mac OS X) AppleWebKit/605.1.15 (KHTML, like Gecko) Version/18.7.5 Mobile/15E148 Safari/604.1"
2605:59c0:ebf:c208:2001:30f2:3fdd:8b5a - - [22/Apr/2026:14:01:04 +0000] "GET /dashboard/withdraw-funds HTTP/1.1" 200 9277 "https://qualitytradesfx.com/dashboard/withdraw-funds" "Mozilla/5.0 (iPhone; CPU iPhone OS 18_7 like Mac OS X) AppleWebKit/605.1.15 (KHTML, like Gecko) Version/18.7.5 Mobile/15E148 Safari/604.1"
2605:59c0:ebf:c208:2001:30f2:3fdd:8b5a - - [22/Apr/2026:14:01:23 +0000] "GET /admin/dashboard/unpkg.com/metaapi.cloud-sdk/index.js HTTP/1.1" 404 422 "https://qualitytradesfx.com/admin/dashboard/manageusers" "Mozilla/5.0 (iPhone; CPU iPhone OS 18_7 like Mac OS X) AppleWebKit/605.1.15 (KHTML, like Gecko) Version/18.7.5 Mobile/15E148 Safari/604.1"
2605:59c0:ebf:c208:2001:30f2:3fdd:8b5a - - [22/Apr/2026:14:02:02 +0000] "POST /dashboard/brokercode HTTP/1.1" 302 181 "https://qualitytradesfx.com/dashboard/withdraw-funds" "Mozilla/5.0 (iPhone; CPU iPhone OS 18_7 like Mac OS X) AppleWebKit/605.1.15 (KHTML, like Gecko) Version/18.7.5 Mobile/15E148 Safari/604.1"
2605:59c0:ebf:c208:2001:30f2:3fdd:8b5a - - [22/Apr/2026:14:02:03 +0000] "GET /dashboard/withdraw-funds HTTP/1.1" 200 9116 "https://qualitytradesfx.com/dashboard/withdraw-funds" "Mozilla/5.0 (iPhone; CPU iPhone OS 18_7 like Mac OS X) AppleWebKit/605.1.15 (KHTML, like Gecko) Version/18.7.5 Mobile/15E148 Safari/604.1"
2605:59c0:ebf:c208:2001:30f2:3fdd:8b5a - - [22/Apr/2026:14:02:03 +0000] "GET /temp/img/logo_header+dark.png HTTP/1.1" 404 422 "https://qualitytradesfx.com/dashboard/withdraw-funds" "Mozilla/5.0 (iPhone; CPU iPhone OS 18_7 like Mac OS X) AppleWebKit/605.1.15 (KHTML, like Gecko) Version/18.7.5 Mobile/15E148 Safari/604.1"
2605:59c0:ebf:c208:2001:30f2:3fdd:8b5a - - [22/Apr/2026:14:02:37 +0000] "GET /dashboard/withdrawals HTTP/1.1" 200 10906 "https://qualitytradesfx.com/dashboard/withdrawals" "Mozilla/5.0 (iPhone; CPU iPhone OS 18_7 like Mac OS X) AppleWebKit/605.1.15 (KHTML, like Gecko) Version/18.7.5 Mobile/15E148 Safari/604.1"
2605:59c0:ebf:c208:2001:30f2:3fdd:8b5a - - [22/Apr/2026:14:04:54 +0000] "GET /dashboard/accounthistory HTTP/1.1" 200 9584 "https://qualitytradesfx.com/dashboard/withdrawals" "Mozilla/5.0 (iPhone; CPU iPhone OS 18_7 like Mac OS X) AppleWebKit/605.1.15 (KHTML, like Gecko) Version/18.7.5 Mobile/15E148 Safari/604.1"
2605:59c0:ebf:c208:2001:30f2:3fdd:8b5a - - [22/Apr/2026:14:04:56 +0000] "GET /dashboard/accounthistory HTTP/1.1" 200 9584 "https://qualitytradesfx.com/dashboard/accounthistory" "Mozilla/5.0 (iPhone; CPU iPhone OS 18_7 like Mac OS X) AppleWebKit/605.1.15 (KHTML, like Gecko) Version/18.7.5 Mobile/15E148 Safari/604.1"
2605:59c0:ebf:c208:2001:30f2:3fdd:8b5a - - [22/Apr/2026:14:04:56 +0000] "GET /temp/img/logo_header+dark.png HTTP/1.1" 404 418 "https://qualitytradesfx.com/dashboard/accounthistory" "Mozilla/5.0 (iPhone; CPU iPhone OS 18_7 like Mac OS X) AppleWebKit/605.1.15 (KHTML, like Gecko) Version/18.7.5 Mobile/15E148 Safari/604.1"
2605:59c0:ebf:c208:2001:30f2:3fdd:8b5a - - [22/Apr/2026:14:05:08 +0000] "GET /dashboard HTTP/1.1" 200 13568 "https://qualitytradesfx.com/dashboard/accounthistory" "Mozilla/5.0 (iPhone; CPU iPhone OS 18_7 like Mac OS X) AppleWebKit/605.1.15 (KHTML, like Gecko) Version/18.7.5 Mobile/15E148 Safari/604.1"
2605:59c0:ebf:c208:2001:30f2:3fdd:8b5a - - [22/Apr/2026:14:05:10 +0000] "GET /dashboard HTTP/1.1" 200 13568 "https://qualitytradesfx.com/dashboard" "Mozilla/5.0 (iPhone; CPU iPhone OS 18_7 like Mac OS X) AppleWebKit/605.1.15 (KHTML, like Gecko) Version/18.7.5 Mobile/15E148 Safari/604.1"
2605:59c0:ebf:c208:2001:30f2:3fdd:8b5a - - [22/Apr/2026:14:07:03 +0000] "GET /admin/dashboard/process-withdrawal-request/195 HTTP/1.1" 200 5737 "https://qualitytradesfx.com/admin/dashboard/mwithdrawals" "Mozilla/5.0 (iPhone; CPU iPhone OS 18_7 like Mac OS X) AppleWebKit/605.1.15 (KHTML, like Gecko) Version/18.7.5 Mobile/15E148 Safari/604.1"
2605:59c0:ebf:c208:2001:30f2:3fdd:8b5a - - [22/Apr/2026:14:07:04 +0000] "GET /admin/dashboard/process-withdrawal-request/unpkg.com/metaapi.cloud-sdk/index.js HTTP/1.1" 404 435 "https://qualitytradesfx.com/admin/dashboard/process-withdrawal-request/195" "Mozilla/5.0 (iPhone; CPU iPhone OS 18_7 like Mac OS X) AppleWebKit/605.1.15 (KHTML, like Gecko) Version/18.7.5 Mobile/15E148 Safari/604.1"
2605:59c0:ebf:c208:2001:30f2:3fdd:8b5a - - [22/Apr/2026:14:07:14 +0000] "POST /admin/dashboard/pwithdrawal HTTP/1.1" 302 183 "https://qualitytradesfx.com/admin/dashboard/process-withdrawal-request/195" "Mozilla/5.0 (iPhone; CPU iPhone OS 18_7 like Mac OS X) AppleWebKit/605.1.15 (KHTML, like Gecko) Version/18.7.5 Mobile/15E148 Safari/604.1"
2605:59c0:ebf:c208:2001:30f2:3fdd:8b5a - - [22/Apr/2026:14:07:17 +0000] "GET /admin/dashboard/unpkg.com/metaapi.cloud-sdk/index.js HTTP/1.1" 404 425 "https://qualitytradesfx.com/admin/dashboard/mwithdrawals" "Mozilla/5.0 (iPhone; CPU iPhone OS 18_7 like Mac OS X) AppleWebKit/605.1.15 (KHTML, like Gecko) Version/18.7.5 Mobile/15E148 Safari/604.1"
2605:59c0:ebf:c208:2001:30f2:3fdd:8b5a - - [22/Apr/2026:14:02:37 +0000] "GET /dashboard/withdrawals HTTP/1.1" 200 10906 "https://qualitytradesfx.com/dashboard/withdrawals" "Mozilla/5.0 (iPhone; CPU iPhone OS 18_7 like Mac OS X) AppleWebKit/605.1.15 (KHTML, like Gecko) Version/18.7.5 Mobile/15E148 Safari/604.1"
2605:59c0:ebf:c208:2001:30f2:3fdd:8b5a - - [22/Apr/2026:14:04:56 +0000] "GET /dashboard/accounthistory HTTP/1.1" 200 9584 "https://qualitytradesfx.com/dashboard/accounthistory" "Mozilla/5.0 (iPhone; CPU iPhone OS 18_7 like Mac OS X) AppleWebKit/605.1.15 (KHTML, like Gecko) Version/18.7.5 Mobile/15E148 Safari/604.1"
2605:59c0:ebf:c208:2001:30f2:3fdd:8b5a - - [22/Apr/2026:14:04:56 +0000] "GET /storage/app/public/photos/gePqJ9avatar.png1744821732 HTTP/1.1" 404 418 "https://qualitytradesfx.com/dashboard/accounthistory" "Mozilla/5.0 (iPhone; CPU iPhone OS 18_7 like Mac OS X) AppleWebKit/605.1.15 (KHTML, like Gecko) Version/18.7.5 Mobile/15E148 Safari/604.1"
2605:59c0:ebf:c208:2001:30f2:3fdd:8b5a - - [22/Apr/2026:14:05:10 +0000] "GET /temp/img/logo_header+dark.png HTTP/1.1" 404 412 "https://qualitytradesfx.com/dashboard" "Mozilla/5.0 (iPhone; CPU iPhone OS 18_7 like Mac OS X) AppleWebKit/605.1.15 (KHTML, like Gecko) Version/18.7.5 Mobile/15E148 Safari/604.1"
2605:59c0:ebf:c208:2001:30f2:3fdd:8b5a - - [22/Apr/2026:14:05:10 +0000] "GET /dashboard HTTP/1.1" 200 13568 "https://qualitytradesfx.com/dashboard" "Mozilla/5.0 (iPhone; CPU iPhone OS 18_7 like Mac OS X) AppleWebKit/605.1.15 (KHTML, like Gecko) Version/18.7.5 Mobile/15E148 Safari/604.1"
2605:59c0:ebf:c208:2001:30f2:3fdd:8b5a - - [22/Apr/2026:14:06:56 +0000] "GET /admin/dashboard/unpkg.com/metaapi.cloud-sdk/index.js HTTP/1.1" 404 425 "https://qualitytradesfx.com/admin/dashboard/mwithdrawals" "Mozilla/5.0 (iPhone; CPU iPhone OS 18_7 like Mac OS X) AppleWebKit/605.1.15 (KHTML, like Gecko) Version/18.7.5 Mobile/15E148 Safari/604.1"
2605:59c0:ebf:c208:2001:30f2:3fdd:8b5a - - [22/Apr/2026:14:02:37 +0000] "GET /temp/img/logo_header+dark.png HTTP/1.1" 404 420 "https://qualitytradesfx.com/dashboard/withdrawals" "Mozilla/5.0 (iPhone; CPU iPhone OS 18_7 like Mac OS X) AppleWebKit/605.1.15 (KHTML, like Gecko) Version/18.7.5 Mobile/15E148 Safari/604.1"
2605:59c0:ebf:c208:2001:30f2:3fdd:8b5a - - [22/Apr/2026:14:05:09 +0000] "GET /storage/app/public/photos/gePqJ9avatar.png1744821732 HTTP/1.1" 404 412 "https://qualitytradesfx.com/dashboard" "Mozilla/5.0 (iPhone; CPU iPhone OS 18_7 like Mac OS X) AppleWebKit/605.1.15 (KHTML, like Gecko) Version/18.7.5 Mobile/15E148 Safari/604.1"
2605:59c0:ebf:c208:2001:30f2:3fdd:8b5a - - [22/Apr/2026:14:06:55 +0000] "GET /admin/dashboard/mwithdrawals HTTP/1.1" 200 5675 "https://qualitytradesfx.com/admin/dashboard/user-details/239" "Mozilla/5.0 (iPhone; CPU iPhone OS 18_7 like Mac OS X) AppleWebKit/605.1.15 (KHTML, like Gecko) Version/18.7.5 Mobile/15E148 Safari/604.1"
2605:59c0:ebf:c208:2001:30f2:3fdd:8b5a - - [22/Apr/2026:14:07:16 +0000] "GET /admin/dashboard/mwithdrawals HTTP/1.1" 200 5805 "https://qualitytradesfx.com/admin/dashboard/process-withdrawal-request/195" "Mozilla/5.0 (iPhone; CPU iPhone OS 18_7 like Mac OS X) AppleWebKit/605.1.15 (KHTML, like Gecko) Version/18.7.5 Mobile/15E148 Safari/604.1"
Back to Directory=ceiIENDB`